{"id":1023,"date":"2021-02-12T18:24:41","date_gmt":"2021-02-12T18:24:41","guid":{"rendered":"http:\/\/guiasde.com\/alsim\/product\/colchon-top-hotel-plus-unikonfort-para-hoteles-park-royal-tamano-matrimonial\/"},"modified":"2021-02-12T19:40:54","modified_gmt":"2021-02-12T19:40:54","slug":"colchon-top-hotel-plus-unikonfort-para-hoteles-park-royal-tamano-matrimonial","status":"publish","type":"product","link":"https:\/\/guiasde.com\/alsim\/product\/colchon-top-hotel-plus-unikonfort-para-hoteles-park-royal-tamano-matrimonial\/","title":{"rendered":"Colch\u00f3n TOP HOTEL PLUS Unikonfort para Hoteles Park Royal, tama\u00f1o matrimonial"},"content":{"rendered":"","protected":false},"excerpt":{"rendered":"<p>Colch\u00f3n matrimonial de textura media, altura de 31 cms., tela de tejido de punto de alto gramaje, tratamiento retardante al fuego, nano tratamiento repelente a manchas y liquidos, evitan la proliferaci\u00f3n de bacterias y hongos, elaborado con Peeler y HD Foam, poli\u00e9ster laminado y n\u00facleo de 432 resortes independientes ortop\u00e9dicos que brindan soporte y firmeza a la espalda<\/p>\n","protected":false},"featured_media":1021,"comment_status":"open","ping_status":"closed","template":"","meta":[],"_links":{"self":[{"href":"https:\/\/guiasde.com\/alsim\/wp-json\/wp\/v2\/product\/1023"}],"collection":[{"href":"https:\/\/guiasde.com\/alsim\/wp-json\/wp\/v2\/product"}],"about":[{"href":"https:\/\/guiasde.com\/alsim\/wp-json\/wp\/v2\/types\/product"}],"replies":[{"embeddable":true,"href":"https:\/\/guiasde.com\/alsim\/wp-json\/wp\/v2\/comments?post=1023"}],"wp:featuredmedia":[{"embeddable":true,"href":"https:\/\/guiasde.com\/alsim\/wp-json\/wp\/v2\/media\/1021"}],"wp:attachment":[{"href":"https:\/\/guiasde.com\/alsim\/wp-json\/wp\/v2\/media?parent=1023"}],"curies":[{"name":"wp","href":"https:\/\/api.w.org\/{rel}","templated":true}]}}