{"id":1064,"date":"2021-02-12T18:31:47","date_gmt":"2021-02-12T18:31:47","guid":{"rendered":"http:\/\/guiasde.com\/alsim\/product\/protector-de-colchon-100-algodon-capitonado-en-cara-superior-de-alta-frescura-y-alta-calidad-tamano-matrimonial\/"},"modified":"2021-02-12T18:53:11","modified_gmt":"2021-02-12T18:53:11","slug":"protector-de-colchon-100-algodon-capitonado-en-cara-superior-de-alta-frescura-y-alta-calidad-tamano-matrimonial","status":"publish","type":"product","link":"https:\/\/guiasde.com\/alsim\/product\/protector-de-colchon-100-algodon-capitonado-en-cara-superior-de-alta-frescura-y-alta-calidad-tamano-matrimonial\/","title":{"rendered":"Protector de Colch\u00f3n 100% algod\u00f3n capitonado en cara superior de Alta Frescura y Alta Calidad, tama\u00f1o MATRIMONIAL"},"content":{"rendered":"","protected":false},"excerpt":{"rendered":"<p>Protector de colch\u00f3n 100% de algod\u00f3n tela Silky Touch en Zig Zag de alta frescura, por la cara interior tela 50% poliester 50% algod\u00f3n, tela capitonada acolchada, de resortes, tama\u00f1o matrimonial, medida 140 cms ancho x 190 cms largo.<\/p>\n<p>El protector de colch\u00f3n hotelero capitonado de una cara de la m\u00e1s alta calidad elaborado en M\u00e9xico.<\/p>\n","protected":false},"featured_media":1061,"comment_status":"open","ping_status":"closed","template":"","meta":[],"_links":{"self":[{"href":"https:\/\/guiasde.com\/alsim\/wp-json\/wp\/v2\/product\/1064"}],"collection":[{"href":"https:\/\/guiasde.com\/alsim\/wp-json\/wp\/v2\/product"}],"about":[{"href":"https:\/\/guiasde.com\/alsim\/wp-json\/wp\/v2\/types\/product"}],"replies":[{"embeddable":true,"href":"https:\/\/guiasde.com\/alsim\/wp-json\/wp\/v2\/comments?post=1064"}],"wp:featuredmedia":[{"embeddable":true,"href":"https:\/\/guiasde.com\/alsim\/wp-json\/wp\/v2\/media\/1061"}],"wp:attachment":[{"href":"https:\/\/guiasde.com\/alsim\/wp-json\/wp\/v2\/media?parent=1064"}],"curies":[{"name":"wp","href":"https:\/\/api.w.org\/{rel}","templated":true}]}}