{"id":463,"date":"2021-02-12T16:56:47","date_gmt":"2021-02-12T16:56:47","guid":{"rendered":"http:\/\/guiasde.com\/alsim\/product\/import-placeholder-for-als010-1\/"},"modified":"2021-02-13T01:39:03","modified_gmt":"2021-02-13T01:39:03","slug":"regia-extra-firme","status":"publish","type":"product","link":"https:\/\/guiasde.com\/alsim\/product\/regia-extra-firme\/","title":{"rendered":"Regia EXTRA FIRME"},"content":{"rendered":"","protected":false},"excerpt":{"rendered":"<p>Almohada Extra Firme . Tela Blanca 50% poli\u00e9ster 50% algod\u00f3n de 200 hilos Relleno 100% poli\u00e9ster Hipoalerg\u00e9nica Indeformable Lavable, especial para dormir de lado para personas de complexi\u00f3n robusta.<\/p>\n","protected":false},"featured_media":474,"comment_status":"open","ping_status":"closed","template":"","meta":[],"_links":{"self":[{"href":"https:\/\/guiasde.com\/alsim\/wp-json\/wp\/v2\/product\/463"}],"collection":[{"href":"https:\/\/guiasde.com\/alsim\/wp-json\/wp\/v2\/product"}],"about":[{"href":"https:\/\/guiasde.com\/alsim\/wp-json\/wp\/v2\/types\/product"}],"replies":[{"embeddable":true,"href":"https:\/\/guiasde.com\/alsim\/wp-json\/wp\/v2\/comments?post=463"}],"wp:featuredmedia":[{"embeddable":true,"href":"https:\/\/guiasde.com\/alsim\/wp-json\/wp\/v2\/media\/474"}],"wp:attachment":[{"href":"https:\/\/guiasde.com\/alsim\/wp-json\/wp\/v2\/media?parent=463"}],"curies":[{"name":"wp","href":"https:\/\/api.w.org\/{rel}","templated":true}]}}