{"id":492,"date":"2021-02-12T17:06:27","date_gmt":"2021-02-12T17:06:27","guid":{"rendered":"http:\/\/guiasde.com\/alsim\/product\/import-placeholder-for-als022-1\/"},"modified":"2021-02-13T01:51:35","modified_gmt":"2021-02-13T01:51:35","slug":"megliere-imitacion-de-pluma-y-down","status":"publish","type":"product","link":"https:\/\/guiasde.com\/alsim\/product\/megliere-imitacion-de-pluma-y-down\/","title":{"rendered":"Megliere \u00ae imitaci\u00f3n de pluma y down"},"content":{"rendered":"","protected":false},"excerpt":{"rendered":"<p>Almohada con relleno 100% poli\u00e9ster especial de Microgel, soporte suave. Tela Premium 50% algod\u00f3n 50% poli\u00e9ster de 200 hilos, Hipoalerg\u00e9nicas, Indeformables, Lavables.<br \/>\nEsta almohada es especialmente vers\u00e1til para dormir de lado para personas de complexion delgada, boca arriba par complexiones promedio y boca abajo para complexiones robustas.<\/p>\n","protected":false},"featured_media":517,"comment_status":"open","ping_status":"closed","template":"","meta":[],"_links":{"self":[{"href":"https:\/\/guiasde.com\/alsim\/wp-json\/wp\/v2\/product\/492"}],"collection":[{"href":"https:\/\/guiasde.com\/alsim\/wp-json\/wp\/v2\/product"}],"about":[{"href":"https:\/\/guiasde.com\/alsim\/wp-json\/wp\/v2\/types\/product"}],"replies":[{"embeddable":true,"href":"https:\/\/guiasde.com\/alsim\/wp-json\/wp\/v2\/comments?post=492"}],"wp:featuredmedia":[{"embeddable":true,"href":"https:\/\/guiasde.com\/alsim\/wp-json\/wp\/v2\/media\/517"}],"wp:attachment":[{"href":"https:\/\/guiasde.com\/alsim\/wp-json\/wp\/v2\/media?parent=492"}],"curies":[{"name":"wp","href":"https:\/\/api.w.org\/{rel}","templated":true}]}}