{"id":588,"date":"2021-02-12T17:29:55","date_gmt":"2021-02-12T17:29:55","guid":{"rendered":"http:\/\/guiasde.com\/alsim\/product\/import-placeholder-for-als061-1\/"},"modified":"2021-02-13T01:51:36","modified_gmt":"2021-02-13T01:51:36","slug":"70-feather-30-down-alternative-double-chamber-natural-megliere","status":"publish","type":"product","link":"https:\/\/guiasde.com\/alsim\/product\/70-feather-30-down-alternative-double-chamber-natural-megliere\/","title":{"rendered":"70% Feather 30% Down Alternative, Double Chamber, Natural Megliere"},"content":{"rendered":"","protected":false},"excerpt":{"rendered":"<p>Almohada TACTO DE DOWN ALTERNATIVO de DOBLE CAMARA de PLUMA Y DOWN\u00a0 ALTERNATIVO 70\/30 CLASE INTERNACIONAL. C\u00e1mara interior 70% PLUMA, C\u00e1mara exterior 30% DOWN ALTERNATIVO,\u00a0 de est\u00e1ndar Europeo EN-12934 Clase I, tela especial anti pluma 100% de algod\u00f3n de 233 hilos, proceso silky touch, soporte suave de excelente comodidad. El est\u00e1ndar europeo se refiere a la pluma mas limpia, mas tierna, mas corta de 2 a 4 cms. de largo. Estas almohadas son Hipoalergenicas debido a la calidad de la pluma natural clase I y Certificaci\u00f3n Textil Oeko-Tex Standard 100 clase 1<\/p>\n","protected":false},"featured_media":645,"comment_status":"open","ping_status":"closed","template":"","meta":[],"_links":{"self":[{"href":"https:\/\/guiasde.com\/alsim\/wp-json\/wp\/v2\/product\/588"}],"collection":[{"href":"https:\/\/guiasde.com\/alsim\/wp-json\/wp\/v2\/product"}],"about":[{"href":"https:\/\/guiasde.com\/alsim\/wp-json\/wp\/v2\/types\/product"}],"replies":[{"embeddable":true,"href":"https:\/\/guiasde.com\/alsim\/wp-json\/wp\/v2\/comments?post=588"}],"wp:featuredmedia":[{"embeddable":true,"href":"https:\/\/guiasde.com\/alsim\/wp-json\/wp\/v2\/media\/645"}],"wp:attachment":[{"href":"https:\/\/guiasde.com\/alsim\/wp-json\/wp\/v2\/media?parent=588"}],"curies":[{"name":"wp","href":"https:\/\/api.w.org\/{rel}","templated":true}]}}