{"id":887,"date":"2021-02-12T18:08:07","date_gmt":"2021-02-12T18:08:07","guid":{"rendered":"http:\/\/guiasde.com\/alsim\/product\/caja-con-22-almohadas-hospitalarias-con-cubierta-deschechable\/"},"modified":"2021-02-12T19:12:32","modified_gmt":"2021-02-12T19:12:32","slug":"caja-con-22-almohadas-hospitalarias-con-cubierta-deschechable","status":"publish","type":"product","link":"https:\/\/guiasde.com\/alsim\/product\/caja-con-22-almohadas-hospitalarias-con-cubierta-deschechable\/","title":{"rendered":"Caja con 22 Almohadas Hospitalarias con cubierta deschechable"},"content":{"rendered":"","protected":false},"excerpt":{"rendered":"<p>Producto especial para equipamiento de cl\u00ednicas y hospitales. Dimensiones de caja de cart\u00f3n 40 x 70 x 90 cms. Almohada especial con cubierta de Non Woven de 35 gramos y relleno 100% de fibra sint\u00e9tica de poli\u00e9ster ecol\u00f3gico.<\/p>\n","protected":false},"featured_media":883,"comment_status":"open","ping_status":"closed","template":"","meta":[],"_links":{"self":[{"href":"https:\/\/guiasde.com\/alsim\/wp-json\/wp\/v2\/product\/887"}],"collection":[{"href":"https:\/\/guiasde.com\/alsim\/wp-json\/wp\/v2\/product"}],"about":[{"href":"https:\/\/guiasde.com\/alsim\/wp-json\/wp\/v2\/types\/product"}],"replies":[{"embeddable":true,"href":"https:\/\/guiasde.com\/alsim\/wp-json\/wp\/v2\/comments?post=887"}],"wp:featuredmedia":[{"embeddable":true,"href":"https:\/\/guiasde.com\/alsim\/wp-json\/wp\/v2\/media\/883"}],"wp:attachment":[{"href":"https:\/\/guiasde.com\/alsim\/wp-json\/wp\/v2\/media?parent=887"}],"curies":[{"name":"wp","href":"https:\/\/api.w.org\/{rel}","templated":true}]}}