{"id":507,"date":"2022-05-04T20:55:39","date_gmt":"2022-05-04T20:55:39","guid":{"rendered":"http:\/\/guiasde.com\/cajasfuertesperez\/?post_type=product&#038;p=507"},"modified":"2022-05-04T20:59:03","modified_gmt":"2022-05-04T20:59:03","slug":"caja-fuerte-50-n","status":"publish","type":"product","link":"https:\/\/guiasde.com\/cajasfuertesperez\/producto\/caja-fuerte-50-n\/","title":{"rendered":"Caja Fuerte 40-D"},"content":{"rendered":"","protected":false},"excerpt":{"rendered":"<p>Las cajas fuertes funciona mediante la introducci\u00f3n de un c\u00f3digo num\u00e9rico para la apertura.<\/p>\n<p>Acabado exterior a base de pintura ep\u00f3xica.<\/p>\n<p>Entrepa\u00f1os movibles con regulaci\u00f3n de altura.<\/p>\n<p>&nbsp;<\/p>\n<p>Las cajas fuertes funciona mediante la introducci\u00f3n de un c\u00f3digo num\u00e9rico para la apertura.<\/p>\n<p>Caja fuerte fabricada en l\u00e1mina de acero calibre 16 en cuerpo exterior e interior, hoja de puerta principal en calibre 12, puerta de tambor de \u00be.<\/p>\n<p>Pasadores de 20 mm en acero.<\/p>\n<p>Perforaciones al piso para su fijaci\u00f3n.<\/p>\n<p>Acabado exterior a base de pintura ep\u00f3xica.<\/p>\n<p>Entrepa\u00f1os movibles con regulaci\u00f3n de altura.<\/p>\n<p><strong>Combinaci\u00f3n digital<\/strong>.<\/p>\n<p>DIMENSI\u00d3N EXTERIOR:\u00a0<strong>40 X 40 X 40<\/strong><\/p>\n<p>DIMENSI\u00d3N INTERIOR:\u00a0<strong>33 X 33 X 33<\/strong><\/p>\n<p>*El precio incluye IVA<\/p>\n","protected":false},"featured_media":210,"comment_status":"open","ping_status":"closed","template":"","meta":[],"product_cat":[16],"product_tag":[],"_links":{"self":[{"href":"https:\/\/guiasde.com\/cajasfuertesperez\/wp-json\/wp\/v2\/product\/507"}],"collection":[{"href":"https:\/\/guiasde.com\/cajasfuertesperez\/wp-json\/wp\/v2\/product"}],"about":[{"href":"https:\/\/guiasde.com\/cajasfuertesperez\/wp-json\/wp\/v2\/types\/product"}],"replies":[{"embeddable":true,"href":"https:\/\/guiasde.com\/cajasfuertesperez\/wp-json\/wp\/v2\/comments?post=507"}],"version-history":[{"count":4,"href":"https:\/\/guiasde.com\/cajasfuertesperez\/wp-json\/wp\/v2\/product\/507\/revisions"}],"predecessor-version":[{"id":511,"href":"https:\/\/guiasde.com\/cajasfuertesperez\/wp-json\/wp\/v2\/product\/507\/revisions\/511"}],"wp:featuredmedia":[{"embeddable":true,"href":"https:\/\/guiasde.com\/cajasfuertesperez\/wp-json\/wp\/v2\/media\/210"}],"wp:attachment":[{"href":"https:\/\/guiasde.com\/cajasfuertesperez\/wp-json\/wp\/v2\/media?parent=507"}],"wp:term":[{"taxonomy":"product_cat","embeddable":true,"href":"https:\/\/guiasde.com\/cajasfuertesperez\/wp-json\/wp\/v2\/product_cat?post=507"},{"taxonomy":"product_tag","embeddable":true,"href":"https:\/\/guiasde.com\/cajasfuertesperez\/wp-json\/wp\/v2\/product_tag?post=507"}],"curies":[{"name":"wp","href":"https:\/\/api.w.org\/{rel}","templated":true}]}}