{"id":199,"date":"2022-07-29T16:18:52","date_gmt":"2022-07-29T16:18:52","guid":{"rendered":"http:\/\/guiasde.com\/corrugadosporsa\/?page_id=199"},"modified":"2022-08-18T15:08:24","modified_gmt":"2022-08-18T15:08:24","slug":"nosotros","status":"publish","type":"page","link":"https:\/\/guiasde.com\/corrugadosporsa\/nosotros\/","title":{"rendered":"Nosotros"},"content":{"rendered":"\t\t<div data-elementor-type=\"wp-page\" data-elementor-id=\"199\" class=\"elementor elementor-199\">\n\t\t\t\t\t\t<div class=\"elementor-inner\">\n\t\t\t\t<div class=\"elementor-section-wrap\">\n\t\t\t\t\t\t\t\t\t<section class=\"elementor-section elementor-top-section elementor-element elementor-element-00e363f elementor-section-boxed elementor-section-height-default elementor-section-height-default\" data-id=\"00e363f\" data-element_type=\"section\">\n\t\t\t\t\t\t<div class=\"elementor-container elementor-column-gap-default\">\n\t\t\t\t\t\t\t<div class=\"elementor-row\">\n\t\t\t\t\t<div class=\"elementor-column elementor-col-100 elementor-top-column elementor-element elementor-element-df77aa1\" data-id=\"df77aa1\" data-element_type=\"column\">\n\t\t\t<div class=\"elementor-column-wrap elementor-element-populated\">\n\t\t\t\t\t\t\t<div class=\"elementor-widget-wrap\">\n\t\t\t\t\t\t\t\t<\/div>\n\t\t\t\t\t<\/div>\n\t\t<\/div>\n\t\t\t\t\t\t\t\t<\/div>\n\t\t\t\t\t<\/div>\n\t\t<\/section>\n\t\t\t\t<section class=\"elementor-section elementor-top-section elementor-element elementor-element-b06f4a5 animated-slow elementor-section-full_width elementor-section-stretched elementor-section-height-default elementor-section-height-default elementor-invisible\" data-id=\"b06f4a5\" data-element_type=\"section\" data-settings=\"{&quot;background_background&quot;:&quot;classic&quot;,&quot;animation&quot;:&quot;fadeInUp&quot;,&quot;stretch_section&quot;:&quot;section-stretched&quot;}\">\n\t\t\t\t\t\t<div class=\"elementor-container elementor-column-gap-default\">\n\t\t\t\t\t\t\t<div class=\"elementor-row\">\n\t\t\t\t\t<div class=\"elementor-column elementor-col-100 elementor-top-column elementor-element elementor-element-29fa098\" data-id=\"29fa098\" data-element_type=\"column\">\n\t\t\t<div class=\"elementor-column-wrap elementor-element-populated\">\n\t\t\t\t\t\t\t<div class=\"elementor-widget-wrap\">\n\t\t\t\t\t\t<div class=\"elementor-element elementor-element-8981282 elementor-widget elementor-widget-heading\" data-id=\"8981282\" data-element_type=\"widget\" data-widget_type=\"heading.default\">\n\t\t\t\t<div class=\"elementor-widget-container\">\n\t\t\t<h2 class=\"elementor-heading-title elementor-size-default\">NOSOTROS<\/h2>\t\t<\/div>\n\t\t\t\t<\/div>\n\t\t\t\t<div class=\"elementor-element elementor-element-31df712 elementor-widget elementor-widget-divider\" data-id=\"31df712\" data-element_type=\"widget\" data-widget_type=\"divider.default\">\n\t\t\t\t<div class=\"elementor-widget-container\">\n\t\t\t\t\t<div class=\"elementor-divider\">\n\t\t\t<span class=\"elementor-divider-separator\">\n\t\t\t\t\t\t<\/span>\n\t\t<\/div>\n\t\t\t\t<\/div>\n\t\t\t\t<\/div>\n\t\t\t\t<section class=\"elementor-section elementor-inner-section elementor-element elementor-element-ec3104a elementor-section-boxed elementor-section-height-default elementor-section-height-default\" data-id=\"ec3104a\" data-element_type=\"section\">\n\t\t\t\t\t\t<div class=\"elementor-container elementor-column-gap-default\">\n\t\t\t\t\t\t\t<div class=\"elementor-row\">\n\t\t\t\t\t<div class=\"elementor-column elementor-col-33 elementor-inner-column elementor-element elementor-element-4c206b2\" data-id=\"4c206b2\" data-element_type=\"column\">\n\t\t\t<div class=\"elementor-column-wrap elementor-element-populated\">\n\t\t\t\t\t\t\t<div class=\"elementor-widget-wrap\">\n\t\t\t\t\t\t<div class=\"elementor-element elementor-element-3684672 elementor-position-top elementor-vertical-align-middle elementor-view-default elementor-mobile-position-top elementor-widget elementor-widget-icon-box\" data-id=\"3684672\" data-element_type=\"widget\" data-widget_type=\"icon-box.default\">\n\t\t\t\t<div class=\"elementor-widget-container\">\n\t\t\t\t\t<div class=\"elementor-icon-box-wrapper\">\n\t\t\t\t\t\t<div class=\"elementor-icon-box-icon\">\n\t\t\t\t<span class=\"elementor-icon elementor-animation-\" >\n\t\t\t\t<svg xmlns=\"http:\/\/www.w3.org\/2000\/svg\" xmlns:xlink=\"http:\/\/www.w3.org\/1999\/xlink\" id=\"Layer_1\" x=\"0px\" y=\"0px\" viewBox=\"0 0 480.001 480.001\" style=\"enable-background:new 0 0 480.001 480.001;\" xml:space=\"preserve\"><g>\t<g>\t\t<g>\t\t\t<path d=\"M364.997,167.453c-5.14,2.021-7.668,7.826-5.647,12.966c8.044,20.459,12.124,42.115,12.124,64.366    c0,96.893-78.851,175.72-175.772,175.72c-96.881,0-175.7-78.828-175.7-175.72c0-96.876,78.819-175.691,175.7-175.691    c48.879,0,94.279,19.559,127.835,55.072c3.794,4.015,10.123,4.194,14.136,0.401c4.015-3.793,4.194-10.122,0.401-14.137    c-18.107-19.164-39.48-34.245-63.525-44.826c-24.899-10.955-51.426-16.51-78.849-16.51C87.79,49.094,0,136.88,0,244.785    c0,107.92,87.79,195.72,195.7,195.72c52.297,0,101.46-20.353,138.432-57.311c36.977-36.962,57.341-86.117,57.341-138.409    c0-24.767-4.546-48.885-13.51-71.685C375.941,167.961,370.139,165.432,364.997,167.453z\"><\/path>\t\t\t<path d=\"M291.622,158.77c3.808-4,3.652-10.33-0.348-14.138c-25.892-24.649-59.834-38.225-95.574-38.225    c-76.264,0-138.309,62.076-138.309,138.377c0,76.306,62.045,138.385,138.309,138.385c76.347,0,138.46-62.079,138.46-138.385    c0-14.27-2.175-28.322-6.466-41.766c-1.679-5.261-7.306-8.164-12.567-6.487c-5.262,1.679-8.165,7.306-6.487,12.567    c3.663,11.477,5.52,23.483,5.52,35.686c0,65.277-53.141,118.385-118.46,118.385c-65.236,0-118.309-53.107-118.309-118.385    c0-65.273,53.073-118.377,118.309-118.377c30.582,0,59.627,11.617,81.784,32.71C281.484,162.926,287.814,162.77,291.622,158.77z\"><\/path>\t\t\t<path d=\"M195.7,180.313c12.1,0,23.862,3.345,34.034,9.683c1.606,0.996,3.128,2.047,4.525,3.123    c4.376,3.369,10.654,2.554,14.024-1.821c3.37-4.376,2.554-10.655-1.821-14.024c-1.929-1.485-4.011-2.923-6.169-4.262    c-13.33-8.307-28.75-12.698-44.594-12.698c-46.535,0-84.395,37.894-84.395,84.472c0,46.594,37.859,84.501,84.395,84.501    c46.611,0,84.532-37.907,84.532-84.501c0-3.803-0.254-7.523-0.778-11.373c-0.744-5.472-5.783-9.301-11.257-8.561    c-5.472,0.745-9.305,5.784-8.561,11.257c0.401,2.947,0.596,5.785,0.596,8.677c0,35.566-28.949,64.501-64.532,64.501    c-35.507,0-64.395-28.935-64.395-64.501C131.306,209.235,160.193,180.313,195.7,180.313z\"><\/path>\t\t\t<path d=\"M475.132,119.668l-40.815-24.406l-4.888-46.804c-0.36-3.455-2.488-6.474-5.619-7.977    c-3.13-1.502-6.818-1.273-9.738,0.606l-39.283,25.28c-2.819,1.814-4.542,4.921-4.587,8.273l-0.704,51.944l-158.391,96.197    c-4.553-3.296-10.138-5.246-16.172-5.246c-15.304,0-27.754,12.442-27.754,27.735c0,15.293,12.451,27.735,27.754,27.735    c15.264,0,27.682-12.442,27.682-27.735c0-1.96-0.207-3.872-0.595-5.718l159.055-96.6l45.577,19.711    c1.272,0.55,2.623,0.821,3.969,0.821c1.886,0,3.762-0.533,5.396-1.581l39.377-25.235c2.916-1.868,4.657-5.112,4.604-8.574    C479.945,124.633,478.104,121.445,475.132,119.668z M429.708,142.194l-40.185-17.378l0.604-44.535l21.099-13.578l3.719,35.612    c0.327,3.132,2.111,5.928,4.814,7.544l31.248,18.685L429.708,142.194z\"><\/path>\t\t<\/g>\t<\/g><\/g><g><\/g><g><\/g><g><\/g><g><\/g><g><\/g><g><\/g><g><\/g><g><\/g><g><\/g><g><\/g><g><\/g><g><\/g><g><\/g><g><\/g><g><\/g><\/svg>\t\t\t\t<\/span>\n\t\t\t<\/div>\n\t\t\t\t\t\t<div class=\"elementor-icon-box-content\">\n\t\t\t\t<h3 class=\"elementor-icon-box-title\">\n\t\t\t\t\t<span  >\n\t\t\t\t\t\tMisi\u00f3n\t\t\t\t\t<\/span>\n\t\t\t\t<\/h3>\n\t\t\t\t\t\t\t\t\t<p class=\"elementor-icon-box-description\">\n\t\t\t\t\t\t\n\t\t\t\t\t<\/p>\n\t\t\t\t\t\t\t<\/div>\n\t\t<\/div>\n\t\t\t\t<\/div>\n\t\t\t\t<\/div>\n\t\t\t\t<div class=\"elementor-element elementor-element-88d33af elementor-widget elementor-widget-text-editor\" data-id=\"88d33af\" data-element_type=\"widget\" data-widget_type=\"text-editor.default\">\n\t\t\t\t<div class=\"elementor-widget-container\">\n\t\t\t\t\t\t\t\t<div class=\"elementor-text-editor elementor-clearfix\">\n\t\t\t\t<p>Proporcionar a nuestros clientes un insumo que haga notar el producto final con la calidad y eficiencia esperada, respald\u00e1ndonos en nuestra experiencia para ofrecer un servicio confiable. una empresa con pasi\u00f3n por la innovaci\u00f3n<\/p>\t\t\t\t\t<\/div>\n\t\t\t\t\t\t<\/div>\n\t\t\t\t<\/div>\n\t\t\t\t\t\t<\/div>\n\t\t\t\t\t<\/div>\n\t\t<\/div>\n\t\t\t\t<div class=\"elementor-column elementor-col-33 elementor-inner-column elementor-element elementor-element-edf7012\" data-id=\"edf7012\" data-element_type=\"column\">\n\t\t\t<div class=\"elementor-column-wrap elementor-element-populated\">\n\t\t\t\t\t\t\t<div class=\"elementor-widget-wrap\">\n\t\t\t\t\t\t<div class=\"elementor-element elementor-element-5e0ba4e e-transform e-transform elementor-widget-divider--view-line elementor-widget elementor-widget-divider\" data-id=\"5e0ba4e\" data-element_type=\"widget\" data-settings=\"{&quot;_transform_rotateZ_effect&quot;:{&quot;unit&quot;:&quot;px&quot;,&quot;size&quot;:90,&quot;sizes&quot;:[]},&quot;_transform_translateX_effect&quot;:{&quot;unit&quot;:&quot;px&quot;,&quot;size&quot;:121,&quot;sizes&quot;:[]},&quot;_transform_rotateZ_effect_tablet&quot;:{&quot;unit&quot;:&quot;px&quot;,&quot;size&quot;:&quot;&quot;,&quot;sizes&quot;:[]},&quot;_transform_rotateZ_effect_mobile&quot;:{&quot;unit&quot;:&quot;px&quot;,&quot;size&quot;:&quot;&quot;,&quot;sizes&quot;:[]},&quot;_transform_translateX_effect_tablet&quot;:{&quot;unit&quot;:&quot;px&quot;,&quot;size&quot;:&quot;&quot;,&quot;sizes&quot;:[]},&quot;_transform_translateX_effect_mobile&quot;:{&quot;unit&quot;:&quot;px&quot;,&quot;size&quot;:&quot;&quot;,&quot;sizes&quot;:[]},&quot;_transform_translateY_effect&quot;:{&quot;unit&quot;:&quot;px&quot;,&quot;size&quot;:&quot;&quot;,&quot;sizes&quot;:[]},&quot;_transform_translateY_effect_tablet&quot;:{&quot;unit&quot;:&quot;px&quot;,&quot;size&quot;:&quot;&quot;,&quot;sizes&quot;:[]},&quot;_transform_translateY_effect_mobile&quot;:{&quot;unit&quot;:&quot;px&quot;,&quot;size&quot;:&quot;&quot;,&quot;sizes&quot;:[]}}\" data-widget_type=\"divider.default\">\n\t\t\t\t<div class=\"elementor-widget-container\">\n\t\t\t\t\t<div class=\"elementor-divider\">\n\t\t\t<span class=\"elementor-divider-separator\">\n\t\t\t\t\t\t<\/span>\n\t\t<\/div>\n\t\t\t\t<\/div>\n\t\t\t\t<\/div>\n\t\t\t\t\t\t<\/div>\n\t\t\t\t\t<\/div>\n\t\t<\/div>\n\t\t\t\t<div class=\"elementor-column elementor-col-33 elementor-inner-column elementor-element elementor-element-4d87915\" data-id=\"4d87915\" data-element_type=\"column\">\n\t\t\t<div class=\"elementor-column-wrap elementor-element-populated\">\n\t\t\t\t\t\t\t<div class=\"elementor-widget-wrap\">\n\t\t\t\t\t\t<div class=\"elementor-element elementor-element-1959dc1 elementor-position-top elementor-view-default elementor-mobile-position-top elementor-vertical-align-top elementor-widget elementor-widget-icon-box\" data-id=\"1959dc1\" data-element_type=\"widget\" data-widget_type=\"icon-box.default\">\n\t\t\t\t<div class=\"elementor-widget-container\">\n\t\t\t\t\t<div class=\"elementor-icon-box-wrapper\">\n\t\t\t\t\t\t<div class=\"elementor-icon-box-icon\">\n\t\t\t\t<span class=\"elementor-icon elementor-animation-\" >\n\t\t\t\t<svg xmlns=\"http:\/\/www.w3.org\/2000\/svg\" width=\"32px\" height=\"32px\" viewBox=\"0 0 32 32\" id=\"OBJECT\"><defs><style>.cls-1{fill:#b2b2b2;}<\/style><\/defs><title><\/title><path class=\"cls-1\" d=\"M30.89,15.54A17,17,0,0,0,16,6,17,17,0,0,0,1.11,15.54a1,1,0,0,0,0,.92A17,17,0,0,0,16,26a17,17,0,0,0,14.89-9.54A1,1,0,0,0,30.89,15.54Z\"><\/path><circle cx=\"16\" cy=\"16\" r=\"5\"><\/circle><path d=\"M16,5a1,1,0,0,1-1-1V2a1,1,0,0,1,2,0V4A1,1,0,0,1,16,5Z\"><\/path><path d=\"M22,6a.93.93,0,0,1-.45-.11,1,1,0,0,1-.44-1.34l1-2a1,1,0,0,1,1.78.9l-1,2A1,1,0,0,1,22,6Z\"><\/path><path d=\"M10,6a1,1,0,0,1-.89-.55l-1-2a1,1,0,1,1,1.78-.9l1,2a1,1,0,0,1-.44,1.34A.93.93,0,0,1,10,6Z\"><\/path><path d=\"M16,31a1,1,0,0,1-1-1V28a1,1,0,0,1,2,0v2A1,1,0,0,1,16,31Z\"><\/path><path d=\"M23,30a1,1,0,0,1-.89-.55l-1-2a1,1,0,0,1,1.78-.9l1,2a1,1,0,0,1-.44,1.34A.93.93,0,0,1,23,30Z\"><\/path><path d=\"M9,30a.93.93,0,0,1-.45-.11,1,1,0,0,1-.44-1.34l1-2a1,1,0,1,1,1.78.9l-1,2A1,1,0,0,1,9,30Z\"><\/path><\/svg>\t\t\t\t<\/span>\n\t\t\t<\/div>\n\t\t\t\t\t\t<div class=\"elementor-icon-box-content\">\n\t\t\t\t<h3 class=\"elementor-icon-box-title\">\n\t\t\t\t\t<span  >\n\t\t\t\t\t\tVisi\u00f3n\t\t\t\t\t<\/span>\n\t\t\t\t<\/h3>\n\t\t\t\t\t\t\t\t\t<p class=\"elementor-icon-box-description\">\n\t\t\t\t\t\t\n\t\t\t\t\t<\/p>\n\t\t\t\t\t\t\t<\/div>\n\t\t<\/div>\n\t\t\t\t<\/div>\n\t\t\t\t<\/div>\n\t\t\t\t<div class=\"elementor-element elementor-element-901eda1 elementor-widget elementor-widget-text-editor\" data-id=\"901eda1\" data-element_type=\"widget\" data-widget_type=\"text-editor.default\">\n\t\t\t\t<div class=\"elementor-widget-container\">\n\t\t\t\t\t\t\t\t<div class=\"elementor-text-editor elementor-clearfix\">\n\t\t\t\t<p>Ser una empresa con pasi\u00f3n por la innovaci\u00f3n orientada a la mejora de nuestros productos y servicios al cliente, promoviendo el trabajo de excelencia de nuestro equipo mediante la confianza de nuestras soluciones en producto.<\/p>\t\t\t\t\t<\/div>\n\t\t\t\t\t\t<\/div>\n\t\t\t\t<\/div>\n\t\t\t\t\t\t<\/div>\n\t\t\t\t\t<\/div>\n\t\t<\/div>\n\t\t\t\t\t\t\t\t<\/div>\n\t\t\t\t\t<\/div>\n\t\t<\/section>\n\t\t\t\t\t\t<\/div>\n\t\t\t\t\t<\/div>\n\t\t<\/div>\n\t\t\t\t\t\t\t\t<\/div>\n\t\t\t\t\t<\/div>\n\t\t<\/section>\n\t\t\t\t<section class=\"elementor-section elementor-top-section elementor-element elementor-element-d54d80a elementor-section-boxed elementor-section-height-default elementor-section-height-default\" data-id=\"d54d80a\" data-element_type=\"section\">\n\t\t\t\t\t\t<div class=\"elementor-container elementor-column-gap-default\">\n\t\t\t\t\t\t\t<div class=\"elementor-row\">\n\t\t\t\t\t<div class=\"elementor-column elementor-col-50 elementor-top-column elementor-element elementor-element-c5b016c\" data-id=\"c5b016c\" data-element_type=\"column\">\n\t\t\t<div class=\"elementor-column-wrap elementor-element-populated\">\n\t\t\t\t\t\t\t<div class=\"elementor-widget-wrap\">\n\t\t\t\t\t\t<div class=\"elementor-element elementor-element-0bcda25 elementor-widget elementor-widget-image\" data-id=\"0bcda25\" data-element_type=\"widget\" data-widget_type=\"image.default\">\n\t\t\t\t<div class=\"elementor-widget-container\">\n\t\t\t\t\t\t\t\t<div class=\"elementor-image\">\n\t\t\t\t\t\t\t\t\t\t\t\t<img width=\"1030\" height=\"1030\" src=\"https:\/\/guiasde.com\/corrugadosporsa\/wp-content\/uploads\/2022\/07\/opii-1030x1030.png\" class=\"attachment-large size-large\" alt=\"\" loading=\"lazy\" srcset=\"https:\/\/guiasde.com\/corrugadosporsa\/wp-content\/uploads\/2022\/07\/opii-1030x1030.png 1030w, https:\/\/guiasde.com\/corrugadosporsa\/wp-content\/uploads\/2022\/07\/opii-300x300.png 300w, https:\/\/guiasde.com\/corrugadosporsa\/wp-content\/uploads\/2022\/07\/opii-80x80.png 80w, https:\/\/guiasde.com\/corrugadosporsa\/wp-content\/uploads\/2022\/07\/opii-768x768.png 768w, https:\/\/guiasde.com\/corrugadosporsa\/wp-content\/uploads\/2022\/07\/opii-36x36.png 36w, https:\/\/guiasde.com\/corrugadosporsa\/wp-content\/uploads\/2022\/07\/opii-180x180.png 180w, https:\/\/guiasde.com\/corrugadosporsa\/wp-content\/uploads\/2022\/07\/opii-705x705.png 705w, https:\/\/guiasde.com\/corrugadosporsa\/wp-content\/uploads\/2022\/07\/opii.png 1080w\" sizes=\"(max-width: 1030px) 100vw, 1030px\" \/>\t\t\t\t\t\t\t\t\t\t\t\t\t\t<\/div>\n\t\t\t\t\t\t<\/div>\n\t\t\t\t<\/div>\n\t\t\t\t\t\t<\/div>\n\t\t\t\t\t<\/div>\n\t\t<\/div>\n\t\t\t\t<div class=\"elementor-column elementor-col-50 elementor-top-column elementor-element elementor-element-d36cd96\" data-id=\"d36cd96\" data-element_type=\"column\">\n\t\t\t<div class=\"elementor-column-wrap elementor-element-populated\">\n\t\t\t\t\t\t\t<div class=\"elementor-widget-wrap\">\n\t\t\t\t\t\t<div class=\"elementor-element elementor-element-59c2ad5 elementor-widget elementor-widget-heading\" data-id=\"59c2ad5\" data-element_type=\"widget\" data-widget_type=\"heading.default\">\n\t\t\t\t<div class=\"elementor-widget-container\">\n\t\t\t<h2 class=\"elementor-heading-title elementor-size-default\">NUESTROS VALORES<\/h2>\t\t<\/div>\n\t\t\t\t<\/div>\n\t\t\t\t<div class=\"elementor-element elementor-element-f2e2ffe elementor-view-default elementor-vertical-align-top elementor-widget elementor-widget-icon-box\" data-id=\"f2e2ffe\" data-element_type=\"widget\" data-widget_type=\"icon-box.default\">\n\t\t\t\t<div class=\"elementor-widget-container\">\n\t\t\t\t\t<div class=\"elementor-icon-box-wrapper\">\n\t\t\t\t\t\t<div class=\"elementor-icon-box-content\">\n\t\t\t\t<h3 class=\"elementor-icon-box-title\">\n\t\t\t\t\t<span  >\n\t\t\t\t\t\tREINVENCI\u00d3N\t\t\t\t\t<\/span>\n\t\t\t\t<\/h3>\n\t\t\t\t\t\t\t\t\t<p class=\"elementor-icon-box-description\">\n\t\t\t\t\t\tSaber cuando hay que cambiar lo que no aporta valor a la empresa o al cliente\t\t\t\t\t<\/p>\n\t\t\t\t\t\t\t<\/div>\n\t\t<\/div>\n\t\t\t\t<\/div>\n\t\t\t\t<\/div>\n\t\t\t\t<div class=\"elementor-element elementor-element-520f88e elementor-view-default elementor-vertical-align-top elementor-widget elementor-widget-icon-box\" data-id=\"520f88e\" data-element_type=\"widget\" data-widget_type=\"icon-box.default\">\n\t\t\t\t<div class=\"elementor-widget-container\">\n\t\t\t\t\t<div class=\"elementor-icon-box-wrapper\">\n\t\t\t\t\t\t<div class=\"elementor-icon-box-content\">\n\t\t\t\t<h3 class=\"elementor-icon-box-title\">\n\t\t\t\t\t<span  >\n\t\t\t\t\t\tRESPETO\t\t\t\t\t<\/span>\n\t\t\t\t<\/h3>\n\t\t\t\t\t\t\t\t\t<p class=\"elementor-icon-box-description\">\n\t\t\t\t\t\tApreciar y validar nuestro trabajo en equipo atendiendo la necesidad de nuestros clientes.\n\t\t\t\t\t<\/p>\n\t\t\t\t\t\t\t<\/div>\n\t\t<\/div>\n\t\t\t\t<\/div>\n\t\t\t\t<\/div>\n\t\t\t\t<div class=\"elementor-element elementor-element-487bd5a elementor-view-default elementor-vertical-align-top elementor-widget elementor-widget-icon-box\" data-id=\"487bd5a\" data-element_type=\"widget\" data-widget_type=\"icon-box.default\">\n\t\t\t\t<div class=\"elementor-widget-container\">\n\t\t\t\t\t<div class=\"elementor-icon-box-wrapper\">\n\t\t\t\t\t\t<div class=\"elementor-icon-box-content\">\n\t\t\t\t<h3 class=\"elementor-icon-box-title\">\n\t\t\t\t\t<span  >\n\t\t\t\t\t\tCONFIANZA\t\t\t\t\t<\/span>\n\t\t\t\t<\/h3>\n\t\t\t\t\t\t\t\t\t<p class=\"elementor-icon-box-description\">\n\t\t\t\t\t\tProveer el camino para construir una competencia apoyada en hechos\t\t\t\t\t<\/p>\n\t\t\t\t\t\t\t<\/div>\n\t\t<\/div>\n\t\t\t\t<\/div>\n\t\t\t\t<\/div>\n\t\t\t\t<div class=\"elementor-element elementor-element-54a9c4c elementor-view-default elementor-vertical-align-top elementor-widget elementor-widget-icon-box\" data-id=\"54a9c4c\" data-element_type=\"widget\" data-widget_type=\"icon-box.default\">\n\t\t\t\t<div class=\"elementor-widget-container\">\n\t\t\t\t\t<div class=\"elementor-icon-box-wrapper\">\n\t\t\t\t\t\t<div class=\"elementor-icon-box-content\">\n\t\t\t\t<h3 class=\"elementor-icon-box-title\">\n\t\t\t\t\t<span  >\n\t\t\t\t\t\tEFICIENCIA\t\t\t\t\t<\/span>\n\t\t\t\t<\/h3>\n\t\t\t\t\t\t\t\t\t<p class=\"elementor-icon-box-description\">\n\t\t\t\t\t\tBuscar hacer uso de los recursos de la mejor manera para la empresa, el cliente y el ambiente.\t\t\t\t\t<\/p>\n\t\t\t\t\t\t\t<\/div>\n\t\t<\/div>\n\t\t\t\t<\/div>\n\t\t\t\t<\/div>\n\t\t\t\t\t\t<\/div>\n\t\t\t\t\t<\/div>\n\t\t<\/div>\n\t\t\t\t\t\t\t\t<\/div>\n\t\t\t\t\t<\/div>\n\t\t<\/section>\n\t\t\t\t\t\t\t\t\t<\/div>\n\t\t\t<\/div>\n\t\t\t\t\t<\/div>\n\t\t","protected":false},"excerpt":{"rendered":"<p>NOSOTROS Misi\u00f3n Proporcionar a nuestros clientes un insumo que haga notar el producto final con la calidad y eficiencia esperada, respald\u00e1ndonos en nuestra experiencia para ofrecer un servicio confiable. una empresa con pasi\u00f3n por la innovaci\u00f3n Visi\u00f3n Ser una empresa con pasi\u00f3n por la innovaci\u00f3n orientada a la mejora de nuestros productos y servicios al [&hellip;]<\/p>\n","protected":false},"author":1,"featured_media":0,"parent":0,"menu_order":0,"comment_status":"closed","ping_status":"open","template":"","meta":[],"_links":{"self":[{"href":"https:\/\/guiasde.com\/corrugadosporsa\/wp-json\/wp\/v2\/pages\/199"}],"collection":[{"href":"https:\/\/guiasde.com\/corrugadosporsa\/wp-json\/wp\/v2\/pages"}],"about":[{"href":"https:\/\/guiasde.com\/corrugadosporsa\/wp-json\/wp\/v2\/types\/page"}],"author":[{"embeddable":true,"href":"https:\/\/guiasde.com\/corrugadosporsa\/wp-json\/wp\/v2\/users\/1"}],"replies":[{"embeddable":true,"href":"https:\/\/guiasde.com\/corrugadosporsa\/wp-json\/wp\/v2\/comments?post=199"}],"version-history":[{"count":34,"href":"https:\/\/guiasde.com\/corrugadosporsa\/wp-json\/wp\/v2\/pages\/199\/revisions"}],"predecessor-version":[{"id":366,"href":"https:\/\/guiasde.com\/corrugadosporsa\/wp-json\/wp\/v2\/pages\/199\/revisions\/366"}],"wp:attachment":[{"href":"https:\/\/guiasde.com\/corrugadosporsa\/wp-json\/wp\/v2\/media?parent=199"}],"curies":[{"name":"wp","href":"https:\/\/api.w.org\/{rel}","templated":true}]}}