{"id":430,"date":"2021-08-11T23:50:25","date_gmt":"2021-08-11T23:50:25","guid":{"rendered":"http:\/\/guiasde.com\/suhyn\/?post_type=product&#038;p=430"},"modified":"2021-08-13T21:58:13","modified_gmt":"2021-08-13T21:58:13","slug":"intercambiador-de-calor","status":"publish","type":"product","link":"https:\/\/guiasde.com\/suhyn\/producto\/intercambiador-de-calor\/","title":{"rendered":"Intercambiador de calor"},"content":{"rendered":"<div id='av_section_1'  class='avia-section main_color avia-section-default avia-no-border-styling  avia-bg-style-scroll  avia-builder-el-0  el_before_av_section  avia-builder-el-first   container_wrap fullsize' style='background-color: #c92118;  '  ><div class='container' ><main  role=\"main\" itemprop=\"mainContentOfPage\"  class='template-page content  av-content-full alpha units'><div class='post-entry post-entry-type-page post-entry-430'><div class='entry-content-wrapper clearfix'>\n<div class=\"flex_column av_one_full  flex_column_div av-zero-column-padding first  avia-builder-el-1  avia-builder-el-no-sibling  \" style='border-radius:0px; '><p><div  style='height:35px' class='hr hr-invisible   avia-builder-el-2  el_before_av_heading  avia-builder-el-first '><span class='hr-inner ' ><span class='hr-inner-style'><\/span><\/span><\/div><br \/>\n<div  style='padding-bottom:10px; margin-top: 0px;color:#ffffff;font-size:40px;' class='av-special-heading av-special-heading-h1 custom-color-heading blockquote modern-quote  avia-builder-el-3  el_after_av_hr  avia-builder-el-last  av-inherit-size '><h1 class='av-special-heading-tag '  itemprop=\"headline\"  >Intercambiadores de calor<\/h1><div class='special-heading-border'><div class='special-heading-inner-border' style='border-color:#ffffff'><\/div><\/div><\/div><\/p><\/div><\/div><\/div><\/main><!-- close content main element --><\/div><\/div><div id='av_section_2'  class='avia-section main_color avia-section-default avia-no-border-styling  avia-bg-style-scroll  avia-builder-el-4  el_after_av_section  el_before_av_section   container_wrap fullsize' style=' '  ><div class='container' ><div class='template-page content  av-content-full alpha units'><div class='post-entry post-entry-type-page post-entry-430'><div class='entry-content-wrapper clearfix'>\n<div class='flex_column_table av-equal-height-column-flextable -flextable' ><div class=\"flex_column av_two_fifth  flex_column_table_cell av-equal-height-column av-align-middle av-zero-column-padding first  avia-builder-el-5  el_before_av_three_fifth  avia-builder-el-first  \" style='border-radius:0px; '><div   data-size='no scaling'  data-lightbox_size='large'  data-animation='slide'  data-conditional_play=''  data-ids='431'  data-video_counter='0'  data-autoplay='true'  data-bg_slider='false'  data-slide_height=''  data-handle='av_slideshow'  data-interval='4'  data-class=' avia-builder-el-6  avia-builder-el-no-sibling  '  data-el_id=''  data-css_id=''  data-scroll_down=''  data-control_layout='av-control-minimal av-control-minimal-dark'  data-custom_markup=''  data-perma_caption=''  data-autoplay_stopper=''  data-image_attachment=''  data-min_height='0px'  data-lazy_loading='disabled'  class='avia-slideshow avia-slideshow-1  av-control-minimal av-control-minimal-dark av-default-height-applied avia-slideshow-no scaling av_slideshow  avia-builder-el-6  avia-builder-el-no-sibling   avia-slide-slider '  itemprop=\"image\" itemscope=\"itemscope\" itemtype=\"https:\/\/schema.org\/ImageObject\" ><ul class='avia-slideshow-inner ' style='padding-bottom: 100%;' ><li  class=' av-single-slide slide-1 ' ><div data-rel='slideshow-1' class='avia-slide-wrap '   ><img class=\"wp-image-431 avia-img-lazy-loading-not-431\"  src=\"https:\/\/guiasde.com\/suhyn\/wp-content\/uploads\/2021\/08\/intercambiador1.jpg\" width=\"548\" height=\"548\" title='intercambiador1' alt=''  itemprop=\"thumbnailUrl\" srcset=\"https:\/\/guiasde.com\/suhyn\/wp-content\/uploads\/2021\/08\/intercambiador1.jpg 548w, https:\/\/guiasde.com\/suhyn\/wp-content\/uploads\/2021\/08\/intercambiador1-300x300.jpg 300w, https:\/\/guiasde.com\/suhyn\/wp-content\/uploads\/2021\/08\/intercambiador1-80x80.jpg 80w, https:\/\/guiasde.com\/suhyn\/wp-content\/uploads\/2021\/08\/intercambiador1-36x36.jpg 36w, https:\/\/guiasde.com\/suhyn\/wp-content\/uploads\/2021\/08\/intercambiador1-180x180.jpg 180w, https:\/\/guiasde.com\/suhyn\/wp-content\/uploads\/2021\/08\/intercambiador1-100x100.jpg 100w\" sizes=\"(max-width: 548px) 100vw, 548px\" \/><\/div><\/li><\/ul><\/div><\/div><div class='av-flex-placeholder'><\/div><div class=\"flex_column av_three_fifth  flex_column_table_cell av-equal-height-column av-align-middle av-zero-column-padding   avia-builder-el-7  el_after_av_two_fifth  avia-builder-el-last  \" style='border-radius:0px; '><p><div  style='padding-bottom:10px; font-size:30px;' class='av-special-heading av-special-heading-h3  blockquote modern-quote  avia-builder-el-8  el_before_av_hr  avia-builder-el-first  av-inherit-size '><h3 class='av-special-heading-tag '  itemprop=\"headline\"  >Intercambiador de aire &#8211; aceite<\/h3><div class ='av-subheading av-subheading_below  ' style='font-size:17px;'><p>INTERCAMBIADOR DE CALOR<\/p>\n<\/div><div class='special-heading-border'><div class='special-heading-inner-border' ><\/div><\/div><\/div><br \/>\n<div  style=' margin-top:0px; margin-bottom:20px;'  class='hr hr-custom hr-left hr-icon-no   avia-builder-el-9  el_after_av_heading  el_before_av_textblock '><span class='hr-inner  inner-border-av-border-fat' style=' width:80px; border-color:#c92118;' ><span class='hr-inner-style'><\/span><\/span><\/div><br \/>\n<section class=\"av_textblock_section \"  itemscope=\"itemscope\" itemtype=\"https:\/\/schema.org\/CreativeWork\" ><div class='avia_textblock  '   itemprop=\"text\" ><p>Los intercambiadores de calor aire \u2013 aceite se utilizan para el enfriamiento del circuito hidr\u00e1ulico a partir del aire ambiente. Est\u00e1n dise\u00f1ados para ser instalados en la l\u00ednea de retorno del aceite hidr\u00e1ulico y su dise\u00f1o especial fabricado en aleaci\u00f3n de aluminio permite un m\u00e1ximo intercambio t\u00e9rmico.<\/p>\n<\/div><\/section><\/p><\/div><\/div><!--close column table wrapper. Autoclose: 1 -->\n<\/p>\n<\/div><\/div><\/div><!-- close content main div --><\/div><\/div><div id='av_section_3'  class='avia-section main_color avia-section-small avia-no-border-styling  avia-bg-style-scroll  avia-builder-el-11  el_after_av_section  el_before_av_section   container_wrap fullsize' style=' '  ><div class='container' ><div class='template-page content  av-content-full alpha units'><div class='post-entry post-entry-type-page post-entry-430'><div class='entry-content-wrapper clearfix'>\n<div  style=' margin-top:0px; margin-bottom:0px;'  class='hr hr-custom hr-center hr-icon-yes   avia-builder-el-12  avia-builder-el-no-sibling '><span class='hr-inner  inner-border-av-border-thin' style=' width:70%; border-color:#e8e8e8; max-width:45%;' ><span class='hr-inner-style'><\/span><\/span><span class='av-seperator-icon' style='color:#c92118;' aria-hidden='true' data-av_icon='\ue87b' data-av_iconfont='entypo-fontello'><\/span><span class='hr-inner  inner-border-av-border-thin' style=' width:70%; border-color:#e8e8e8; max-width:45%;' ><span class='hr-inner-style'><\/span><\/span><\/div>\n\n<\/div><\/div><\/div><!-- close content main div --><\/div><\/div><div id='av_section_4'  class='avia-section main_color avia-section-default avia-no-border-styling  avia-bg-style-scroll  avia-builder-el-13  el_after_av_section  el_before_av_section   container_wrap fullsize' style=' '  ><div class='container' ><div class='template-page content  av-content-full alpha units'><div class='post-entry post-entry-type-page post-entry-430'><div class='entry-content-wrapper clearfix'>\n<div class='flex_column_table av-equal-height-column-flextable -flextable' ><div class=\"flex_column av_two_fifth  flex_column_table_cell av-equal-height-column av-align-middle av-zero-column-padding first  avia-builder-el-14  el_before_av_three_fifth  avia-builder-el-first  \" style='border-radius:0px; '><div   data-size='no scaling'  data-lightbox_size='large'  data-animation='slide'  data-conditional_play=''  data-ids='432'  data-video_counter='0'  data-autoplay='true'  data-bg_slider='false'  data-slide_height=''  data-handle='av_slideshow'  data-interval='4'  data-class=' avia-builder-el-15  avia-builder-el-no-sibling  '  data-el_id=''  data-css_id=''  data-scroll_down=''  data-control_layout='av-control-minimal av-control-minimal-dark'  data-custom_markup=''  data-perma_caption=''  data-autoplay_stopper=''  data-image_attachment=''  data-min_height='0px'  data-lazy_loading='disabled'  class='avia-slideshow avia-slideshow-2  av-control-minimal av-control-minimal-dark av-default-height-applied avia-slideshow-no scaling av_slideshow  avia-builder-el-15  avia-builder-el-no-sibling   avia-slide-slider '  itemprop=\"image\" itemscope=\"itemscope\" itemtype=\"https:\/\/schema.org\/ImageObject\" ><ul class='avia-slideshow-inner ' style='padding-bottom: 100%;' ><li  class=' av-single-slide slide-1 ' ><div data-rel='slideshow-2' class='avia-slide-wrap '   ><img class=\"wp-image-432 avia-img-lazy-loading-not-432\"  src=\"https:\/\/guiasde.com\/suhyn\/wp-content\/uploads\/2021\/08\/intercambiador2.jpg\" width=\"548\" height=\"548\" title='intercambiador2' alt=''  itemprop=\"thumbnailUrl\" srcset=\"https:\/\/guiasde.com\/suhyn\/wp-content\/uploads\/2021\/08\/intercambiador2.jpg 548w, https:\/\/guiasde.com\/suhyn\/wp-content\/uploads\/2021\/08\/intercambiador2-300x300.jpg 300w, https:\/\/guiasde.com\/suhyn\/wp-content\/uploads\/2021\/08\/intercambiador2-80x80.jpg 80w, https:\/\/guiasde.com\/suhyn\/wp-content\/uploads\/2021\/08\/intercambiador2-36x36.jpg 36w, https:\/\/guiasde.com\/suhyn\/wp-content\/uploads\/2021\/08\/intercambiador2-180x180.jpg 180w, https:\/\/guiasde.com\/suhyn\/wp-content\/uploads\/2021\/08\/intercambiador2-100x100.jpg 100w\" sizes=\"(max-width: 548px) 100vw, 548px\" \/><\/div><\/li><\/ul><\/div><\/div><div class='av-flex-placeholder'><\/div><div class=\"flex_column av_three_fifth  flex_column_table_cell av-equal-height-column av-align-middle av-zero-column-padding   avia-builder-el-16  el_after_av_two_fifth  avia-builder-el-last  \" style='border-radius:0px; '><p><div  style='padding-bottom:10px; font-size:30px;' class='av-special-heading av-special-heading-h3  blockquote modern-quote  avia-builder-el-17  el_before_av_hr  avia-builder-el-first  av-inherit-size '><h3 class='av-special-heading-tag '  itemprop=\"headline\"  >Intercambiador de agua &#8211; aceite<\/h3><div class ='av-subheading av-subheading_below  ' style='font-size:17px;'><p>INTERCAMBIADOR DE CALOR<\/p>\n<\/div><div class='special-heading-border'><div class='special-heading-inner-border' ><\/div><\/div><\/div><br \/>\n<div  style=' margin-top:0px; margin-bottom:20px;'  class='hr hr-custom hr-left hr-icon-no   avia-builder-el-18  el_after_av_heading  el_before_av_textblock '><span class='hr-inner  inner-border-av-border-fat' style=' width:80px; border-color:#c92118;' ><span class='hr-inner-style'><\/span><\/span><\/div><br \/>\n<section class=\"av_textblock_section \"  itemscope=\"itemscope\" itemtype=\"https:\/\/schema.org\/CreativeWork\" ><div class='avia_textblock  '   itemprop=\"text\" ><p>Los intercambiadores de calor agua \u2013 aceite se utilizan para el enfriamiento del circuito hidr\u00e1ulico a partir de un circuito de agua. Generalmente est\u00e1n dise\u00f1ados para ser instalados en la l\u00ednea de retorno del aceite hidr\u00e1ulico y su dise\u00f1o especial permite un m\u00e1ximo ahorro de agua, minimiza las vibraciones y garantiza un m\u00e1ximo intercambio t\u00e9rmico.<\/p>\n<\/div><\/section><\/p><\/div><\/div><!--close column table wrapper. Autoclose: 1 -->\n\n<\/div><\/div><\/div><!-- close content main div --><\/div><\/div><div id='av_section_5'  class='avia-section main_color avia-section-small avia-no-border-styling  avia-bg-style-scroll  avia-builder-el-20  el_after_av_section  avia-builder-el-last   container_wrap fullsize' style='background-color: #c92118;  '  ><div class='container' ><div class='template-page content  av-content-full alpha units'><div class='post-entry post-entry-type-page post-entry-430'><div class='entry-content-wrapper clearfix'>\n<div class=\"flex_column av_one_full  flex_column_div av-zero-column-padding first  avia-builder-el-21  avia-builder-el-no-sibling  \" style='border-radius:0px; '><\/div>\n\n","protected":false},"excerpt":{"rendered":"","protected":false},"featured_media":431,"comment_status":"open","ping_status":"closed","template":"","meta":[],"product_cat":[16],"product_tag":[],"_links":{"self":[{"href":"https:\/\/guiasde.com\/suhyn\/wp-json\/wp\/v2\/product\/430"}],"collection":[{"href":"https:\/\/guiasde.com\/suhyn\/wp-json\/wp\/v2\/product"}],"about":[{"href":"https:\/\/guiasde.com\/suhyn\/wp-json\/wp\/v2\/types\/product"}],"replies":[{"embeddable":true,"href":"https:\/\/guiasde.com\/suhyn\/wp-json\/wp\/v2\/comments?post=430"}],"wp:featuredmedia":[{"embeddable":true,"href":"https:\/\/guiasde.com\/suhyn\/wp-json\/wp\/v2\/media\/431"}],"wp:attachment":[{"href":"https:\/\/guiasde.com\/suhyn\/wp-json\/wp\/v2\/media?parent=430"}],"wp:term":[{"taxonomy":"product_cat","embeddable":true,"href":"https:\/\/guiasde.com\/suhyn\/wp-json\/wp\/v2\/product_cat?post=430"},{"taxonomy":"product_tag","embeddable":true,"href":"https:\/\/guiasde.com\/suhyn\/wp-json\/wp\/v2\/product_tag?post=430"}],"curies":[{"name":"wp","href":"https:\/\/api.w.org\/{rel}","templated":true}]}}