{"id":1851,"date":"2022-04-29T20:24:20","date_gmt":"2022-04-29T20:24:20","guid":{"rendered":"http:\/\/guiasde.com\/syem\/?post_type=product&#038;p=1851"},"modified":"2022-04-29T20:24:22","modified_gmt":"2022-04-29T20:24:22","slug":"juego-consultorio","status":"publish","type":"product","link":"https:\/\/guiasde.com\/syem\/producto\/juego-consultorio\/","title":{"rendered":"Juego consultorio"},"content":{"rendered":"<p>ESTRUCTURA EN L\u00c1MINA DE ACERO ESMALTADA CAL. 24 CONSTA DE:<\/p>\n<p><b>Mesa de <\/b><b>exploraci\u00f3n<\/b><b>:<\/b><br \/>\nCon 2 puertas deslizables. Plancha acojinada con vinil de primera y sistema de elevaci\u00f3n manual mediante cremalleras en respaldo y piecera. Cuenta con contacto para corriente, sangrera y papeleta retr\u00e1ctil<\/p>\n<p><b>Vitrina <\/b><b>Sencilla<\/b><b>:<\/b><br \/>\nPuerta superior con ventana de cristal de 3 mm y chapa con llave, espacio para 2 entrepa\u00f1os de cristal (no incluidos), caj\u00f3n y puerta abatible.<\/p>\n<p><b>Gabinete<\/b> <b>Sencillo<\/b><b>:<\/b><br \/>\nPuerta superior con ventana de cristal de 3 mm. 2 cajones, superficie cubierta de acero inoxidable con barandal de aluminio.<\/p>\n<p><b>Banco <\/b><b>bote<\/b><b> de <\/b><b>Basura<\/b><b>:<\/b><br \/>\nCon deposito sanitario en su interior y pedal para accionar su funcionamiento. Tapa acojinada con vinil.<\/p>\n<p><b>Banco <\/b><b>giratorio<\/b><b> para <\/b><b>consultorio<\/b><b>:<\/b><br \/>\nDe tubo redondo de 1\u201dcal.18 acabado cromado. Con patas y regatones de hule natural, y un aro posa pies. Asiento de l\u00e1mina de acero cal. 16. Cromado.<\/p>\n<p><b>Juego<\/b><b> de <\/b><b>perneras<\/b><b> de <\/b><b>pl\u00e1stico<\/b>\u00a0con bayonetas cromadas y perillas negras para ajustar.<\/p>\n","protected":false},"excerpt":{"rendered":"<p>ESTRUCTURA EN L\u00c1MINA DE ACERO ESMALTADA CAL. 24 CONSTA DE: Mesa de exploraci\u00f3n: Con 2 puertas deslizables. Plancha acojinada con vinil de primera y sistema de elevaci\u00f3n manual mediante cremalleras en respaldo y piecera. Cuenta con contacto para corriente, sangrera y papeleta retr\u00e1ctil Vitrina Sencilla: Puerta superior con ventana de cristal de 3 mm y [&hellip;]<\/p>\n","protected":false},"featured_media":1852,"template":"","meta":[],"product_cat":[114,95],"product_tag":[],"_links":{"self":[{"href":"https:\/\/guiasde.com\/syem\/wp-json\/wp\/v2\/product\/1851"}],"collection":[{"href":"https:\/\/guiasde.com\/syem\/wp-json\/wp\/v2\/product"}],"about":[{"href":"https:\/\/guiasde.com\/syem\/wp-json\/wp\/v2\/types\/product"}],"version-history":[{"count":1,"href":"https:\/\/guiasde.com\/syem\/wp-json\/wp\/v2\/product\/1851\/revisions"}],"predecessor-version":[{"id":1853,"href":"https:\/\/guiasde.com\/syem\/wp-json\/wp\/v2\/product\/1851\/revisions\/1853"}],"wp:featuredmedia":[{"embeddable":true,"href":"https:\/\/guiasde.com\/syem\/wp-json\/wp\/v2\/media\/1852"}],"wp:attachment":[{"href":"https:\/\/guiasde.com\/syem\/wp-json\/wp\/v2\/media?parent=1851"}],"wp:term":[{"taxonomy":"product_cat","embeddable":true,"href":"https:\/\/guiasde.com\/syem\/wp-json\/wp\/v2\/product_cat?post=1851"},{"taxonomy":"product_tag","embeddable":true,"href":"https:\/\/guiasde.com\/syem\/wp-json\/wp\/v2\/product_tag?post=1851"}],"curies":[{"name":"wp","href":"https:\/\/api.w.org\/{rel}","templated":true}]}}