{"id":1878,"date":"2022-04-29T21:24:32","date_gmt":"2022-04-29T21:24:32","guid":{"rendered":"http:\/\/guiasde.com\/syem\/?post_type=product&#038;p=1878"},"modified":"2022-05-02T17:25:00","modified_gmt":"2022-05-02T17:25:00","slug":"microdacyn-2","status":"publish","type":"product","link":"https:\/\/guiasde.com\/syem\/producto\/microdacyn-2\/","title":{"rendered":"Microdacyn"},"content":{"rendered":"<p>Desinfectante y esterilizante de alto nivel.<\/p>\n<p>Es un antis\u00e9ptico de uso t\u00f3pico para el cuidado de heridas. MICRODACYN\u00ae proporciona humedad a la herida, creando as\u00ed sobre la herida un ambiente h\u00famedo que rehidrata los tejidos necr\u00f3ticos y facilita el proceso de desbridaci\u00f3n; una vez que su propiedad antis\u00e9ptica act\u00faa, se promueve el proceso de cicatrizaci\u00f3n.<\/p>\n","protected":false},"excerpt":{"rendered":"<p>Desinfectante y esterilizante de alto nivel. Es un antis\u00e9ptico de uso t\u00f3pico para el cuidado de heridas. MICRODACYN\u00ae proporciona humedad a la herida, creando as\u00ed sobre la herida un ambiente h\u00famedo que rehidrata los tejidos necr\u00f3ticos y facilita el proceso de desbridaci\u00f3n; una vez que su propiedad antis\u00e9ptica act\u00faa, se promueve el proceso de cicatrizaci\u00f3n.<\/p>\n","protected":false},"featured_media":1879,"template":"","meta":[],"product_cat":[231,86],"product_tag":[],"_links":{"self":[{"href":"https:\/\/guiasde.com\/syem\/wp-json\/wp\/v2\/product\/1878"}],"collection":[{"href":"https:\/\/guiasde.com\/syem\/wp-json\/wp\/v2\/product"}],"about":[{"href":"https:\/\/guiasde.com\/syem\/wp-json\/wp\/v2\/types\/product"}],"version-history":[{"count":1,"href":"https:\/\/guiasde.com\/syem\/wp-json\/wp\/v2\/product\/1878\/revisions"}],"predecessor-version":[{"id":1880,"href":"https:\/\/guiasde.com\/syem\/wp-json\/wp\/v2\/product\/1878\/revisions\/1880"}],"wp:featuredmedia":[{"embeddable":true,"href":"https:\/\/guiasde.com\/syem\/wp-json\/wp\/v2\/media\/1879"}],"wp:attachment":[{"href":"https:\/\/guiasde.com\/syem\/wp-json\/wp\/v2\/media?parent=1878"}],"wp:term":[{"taxonomy":"product_cat","embeddable":true,"href":"https:\/\/guiasde.com\/syem\/wp-json\/wp\/v2\/product_cat?post=1878"},{"taxonomy":"product_tag","embeddable":true,"href":"https:\/\/guiasde.com\/syem\/wp-json\/wp\/v2\/product_tag?post=1878"}],"curies":[{"name":"wp","href":"https:\/\/api.w.org\/{rel}","templated":true}]}}