{"id":2168,"date":"2022-06-09T17:20:52","date_gmt":"2022-06-09T17:20:52","guid":{"rendered":"http:\/\/guiasde.com\/syem\/?post_type=product&#038;p=2168"},"modified":"2022-06-09T17:25:45","modified_gmt":"2022-06-09T17:25:45","slug":"elevador-de-pacientes-electrico","status":"publish","type":"product","link":"https:\/\/guiasde.com\/syem\/producto\/elevador-de-pacientes-electrico\/","title":{"rendered":"Elevador de Pacientes El\u00e9ctrico"},"content":{"rendered":"<ul>\n<li>Fabricado en tubular cuadrado de acero con acabado en pintura ep\u00f3xica color gris.<\/li>\n<li>Cuenta con cuatro ruedas de 4&#8243;, dos de ellas con freno de seguridad.<\/li>\n<li>El pist\u00f3n hace el trabajo de cargar el peso del usuario para realizar f\u00e1cilmente y con seguridad las transferencias haci\u00e9ndolos sentir c\u00f3modos y sin riesgos de ca\u00eddas.<\/li>\n<li>Controles sencillos que facilitan la maniobra del asistente para un traslado seguro.<\/li>\n<li>Instalaci\u00f3n sencilla y sin complicaciones ni esfuerzos con nuestros arneses tipo c\u00f3modo y cruzado.<\/li>\n<\/ul>\n<p><b>Peso:<\/b> 45 kg<br \/>\n<b>Peso <\/b><b>m\u00e1x<\/b><b>. de <\/b><b>soporte<\/b><b>:<\/b> 180 kg<br \/>\n<b>Alto total: <\/b>200 cm<br \/>\n<b>Largo:<\/b>\u00a0 108 cm<\/p>\n","protected":false},"excerpt":{"rendered":"<p>Fabricado en tubular cuadrado de acero con acabado en pintura ep\u00f3xica color gris. Cuenta con cuatro ruedas de 4&#8243;, dos de ellas con freno de seguridad. El pist\u00f3n hace el trabajo de cargar el peso del usuario para realizar f\u00e1cilmente y con seguridad las transferencias haci\u00e9ndolos sentir c\u00f3modos y sin riesgos de ca\u00eddas. Controles sencillos [&hellip;]<\/p>\n","protected":false},"featured_media":2171,"template":"","meta":[],"product_cat":[246],"product_tag":[],"_links":{"self":[{"href":"https:\/\/guiasde.com\/syem\/wp-json\/wp\/v2\/product\/2168"}],"collection":[{"href":"https:\/\/guiasde.com\/syem\/wp-json\/wp\/v2\/product"}],"about":[{"href":"https:\/\/guiasde.com\/syem\/wp-json\/wp\/v2\/types\/product"}],"version-history":[{"count":1,"href":"https:\/\/guiasde.com\/syem\/wp-json\/wp\/v2\/product\/2168\/revisions"}],"predecessor-version":[{"id":2169,"href":"https:\/\/guiasde.com\/syem\/wp-json\/wp\/v2\/product\/2168\/revisions\/2169"}],"wp:featuredmedia":[{"embeddable":true,"href":"https:\/\/guiasde.com\/syem\/wp-json\/wp\/v2\/media\/2171"}],"wp:attachment":[{"href":"https:\/\/guiasde.com\/syem\/wp-json\/wp\/v2\/media?parent=2168"}],"wp:term":[{"taxonomy":"product_cat","embeddable":true,"href":"https:\/\/guiasde.com\/syem\/wp-json\/wp\/v2\/product_cat?post=2168"},{"taxonomy":"product_tag","embeddable":true,"href":"https:\/\/guiasde.com\/syem\/wp-json\/wp\/v2\/product_tag?post=2168"}],"curies":[{"name":"wp","href":"https:\/\/api.w.org\/{rel}","templated":true}]}}